5, 70 = 3*v + d*n - 27. Calculate the remainder when 67 is divided by v.
32
Calculate the remainder when 64 + 0 - (32 - 28) is divided by 42.
18
Let g(d) = -13*d - 122. What is the remainder when 2/(-3) + (-802)/(-6) is divided by g(-12)?
31
Suppose -2*s = -7*s + 80. Let p(h) = h**2 - 4*h + 2. Let u be p(4). Let o(z) = 5*z**3 - 3*z**2 + 1. What is the remainder when o(u) is divided by s?
13
Let s(p) = 11*p - 7. Let x be s(5). Let l = x + -33. Calculate the remainder when 42/(-189) + 2334/54 is divided by l.
13
Let v be 23 + (3 - -5)/(-2). Let s = v - 17. Suppose 5*r - 15 = -3*g, 14 = s*g - 0*r + 2*r. Calculate the remainder when 37 is divided by g.
7
Suppose 5*c - 67 = -5*m + 18, 0 = 4*c - 4*m - 60. Let g = 192 - 66. What is the remainder when g is divided by c?
14
Suppose -4*y + 5*r = -228, 4*r = 2*y - 0*r - 120. Calculate the remainder when y is divided by (36/7)/((-2)/(-7)).
16
Suppose s = -n + 5, 4*s + 2*n - 11 = 7*n. Suppose s*b + 4 = -q - 0*b, 5*b + 80 = 5*q. Suppose -q*r = -7*r - 245. What is the remainder when r is divided by 13?
10
Let g be ((-4)/6)/(20/1410). Let r = 85 + g. Suppose 0 = -k - 3, -c + 8*k + 29 = 3*k. Calculate the remainder when r is divided by c.
10
Let o(y) = 18*y - 9. Suppose -250 = -39*n + 29*n. What is the remainder when o(6) is divided by n?
24
What is the remainder when (-7*20/(-70))/(2/77) is divided by 41?
36
Let d = 98 + -30. Calculate the remainder when 195 is divided by d.
59
Suppose -j + 2*j - 224 = 0. Suppose -3*s + j = s. Let u(q) = -6*q + 1. What is the remainder when s is divided by u(-3)?
18
Suppose 18*p - 5180 = 1948. What is the remainder when p is divided by 100?
96
Suppose -2*w + 7*l = -649, -6*l = -l + 25. What is the remainder when 308 is divided by w?
1
Let i = 895 - 889. Calculate the remainder when 124 is divided by i.
4
Let h(c) = 18*c**3 + 2*c - 1. Let n be (-1)/(-9)*-2 - 88/(-72). Suppose 3*i + j = -j + 9, 2*j + 6 = 0. Calculate the remainder when h(n) is divided by i.
4
Let w = -4 + 17. Calculate the remainder when 27 is divided by w - (-1 - -4) - 4.
3
Suppose 5*a - 4 = -3*m, 3*m - 12 = -2*a + 7*m. Let d = -115 + 182. What is the remainder when d is divided by 51/15*10/a?
16
Let p(t) = -37*t**2 - 6*t - 5. Let z be p(-1). Calculate the remainder when ((-24)/z)/((-4)/(-594)) is divided by 26.
21
Let l(q) = -4*q**2 - 3 + 13*q - 8*q + 5*q**2. Let v(w) = w**3 - 2*w**2 + w + 2. Let y be v(2). What is the remainder when l(y) is divided by 12?
9
Let h = -327 + 157. Let k = 173 + h. Calculate the remainder when k is divided by (0/(-1) + -1)*-1.
0
Let q(g) = -g**3 + 4*g**2 + 4*g - 12. Let d be q(4). Suppose d*u - 201 - 183 = 0. Calculate the remainder when u is divided by 49.
47
Suppose 47 = 2*o + 13. Let g(m) = 14*m - 1. Let q be g(2). Let a = q + 22. Calculate the remainder when a is divided by o.
15
Suppose c - 13 = 5. What is the remainder when 542/8 - 2/(-8) is divided by c?
14
Let b = 189 - 1. Suppose 0 = 5*w - 232 - b. Calculate the remainder when w is divided by 17.
16
Let u(h) = h**3 - 3*h**2 - 17*h + 26. Calculate the remainder when 112 is divided by u(6).
16
Let q(r) = -7*r + 5. Suppose 5*u + 16 = -19. Let k be q(u). Calculate the remainder when -3 - -3 - (-1 - k) is divided by 14.
13
Let f(v) = v**3 + 5*v**2 - 2*v - 12. What is the remainder when 34 is divided by f(-4)?
10
Let p be (-8)/(-20) - 2/5. Suppose -5*o + 11 = -3*v + 75, p = 4*v - 5*o - 87. Calculate the remainder when 111 is divided by v.
19
Suppose 0 = k - n - 52, 7*k = 8*k + 3*n - 44. What is the remainder when 196 is divided by k?
46
Let g(n) = -67*n - 239. What is the remainder when g(-8) is divided by 13?
11
Suppose 3*g = 4*z - 3*z - 2, 2*z + 2*g = 20. Calculate the remainder when 118 is divided by z.
6
Let t = -157 + 209. What is the remainder when t is divided by 18?
16
Let i = -377 - -395. What is the remainder when 45 is divided by i?
9
Suppose -119 + 999 = 10*q. What is the remainder when q is divided by 6?
4
Calculate the remainder when 51 is divided by -2*3/((-18)/3)*11.
7
Let o = 223 - 185. What is the remainder when 378 is divided by o?
36
Suppose 3*w = 1213 - 358. What is the remainder when w is divided by 36?
33
Let h = -1696 + 1740. Calculate the remainder when h is divided by (16/(-6))/((-8)/36).
8
Let y be (-11)/33 + (-1)/(-3). Suppose -2*l = -0*l - 4*k - 184, 2*l + 2*k - 160 = y. What is the remainder when l is divided by 29?
26
Let r(l) = l**2 - 4*l - 10. Let v be r(6). Suppose q - v = 41. Suppose 5*b + 2*o = -o + 215, o + q = b. What is the remainder when b is divided by 11?
10
Let f(c) be the second derivative of 1/6*c**3 - 1/12*c**4 - 1/20*c**5 + 0 + 10*c + c**2. Calculate the remainder when f(-3) is divided by 3.
2
Let q = -43 + 155. Let a = 518 + -495. Calculate the remainder when q is divided by a.
20
What is the remainder when 43 is divided by (6/(-12))/(1/(-22))?
10
Suppose 0 = 4*k - 3*n - 381, 4*k + n - 376 = 5*n. Let f = 8 + 3. What is the remainder when (-2)/(k/(-48) + 2) is divided by f?
10
Let c(r) = 19*r**2 - 18*r + 3. What is the remainder when c(5) is divided by 80?
68
Let b(y) = y**2 + 9*y - 13. Let k be b(-11). Suppose 4*v - 21 = -n, 2*n - 13 = -3*v + k. Suppose -v + 27 = l. What is the remainder when 67 is divided by l?
21
Suppose -8 = 10*g - 14*g. Suppose -q + 5*r = -5*q + 51, 4*r = 2*q - 6. What is the remainder when q is divided by g?
1
Let j be (-9)/(-6) + -2 + 2/4. Suppose -3*c - 4*x + 276 = j, 3*c - 294 = -2*x + 4*x. What is the remainder when c is divided by 11?
8
Suppose -2*b + 5*k - 2*k = -57, -2*k - 88 = -3*b. What is the remainder when 63 is divided by b?
3
Suppose 12 = -86*p + 87*p. Calculate the remainder when 14 is divided by (p/2)/(6/8).
6
Suppose -5*w + 0*y + 81 = -y, w + 5*y - 11 = 0. Suppose 0 = -w*p + 5*p + 22. Calculate the remainder when 13 is divided by p.
1
Suppose -3*a = -0*a + 9. Let l be -116*((-26)/8 - a). Suppose 0 = 2*s + l - 183. Calculate the remainder when s is divided by 26.
25
Suppose 8*f - 3*f - 260 = -3*x, -4*x = -5*f + 295. Calculate the remainder when f is divided by 21.
13
Let m(x) = -48*x**2 - 1. Let g(o) = -49*o**2 + o - 2. Let n(a) = -3*g(a) + 2*m(a). What is the remainder when n(2) is divided by 51?
49
Let f be (112/(-24) - -4) + 13/(-3). Let h = 3 + 18. Let k = h - f. Calculate the remainder when k is divided by 9.
8
Let n(o) = -o + 26. What is the remainder when 2/3 + 1000/12 is divided by n(4)?
18
What is the remainder when 12 is divided by -2 - (-8 + -7 - -6)?
5
Suppose 13*v = 16*v - h - 4730, -3*h = 6*v - 9465. Calculate the remainder when v is divided by 93.
89
Let z(m) = -2*m**2 - 13*m + 3. Suppose 3*q + 2*q - 4*b - 22 = 0, -5*b + 34 = 4*q. What is the remainder when z(-6) is divided by q?
3
Let o(i) = -4*i + 16. What is the remainder when 349 is divided by o(-18)?
85
Suppose -4*j = -5*p - 1188, 8*j - 7*j + 5*p = 272. Calculate the remainder when j is divided by 33.
28
Let h = -17 + 34. Let n = -24 + 26. Suppose n*k = 2*s - 28, 0 = 2*s + 3*k - 2*k - 16. What is the remainder when h is divided by s?
7
Suppose 3*b + 2*d - 170 = 0, -2*b + 3*d = -2*d - 88. Let x(u) = u**2 - 4*u - 2. Calculate the remainder when b is divided by x(7).
16
What is the remainder when 77 is divided by 1*(-3 + 30) + -3?
5
Let b = 57 - 26. Let n be (-1*16/24)/((-2)/(-48)). What is the remainder when b is divided by 24/32 - 116/n?
7
Let q = -8 + 19. Let o = 33 - 27. Let r(w) = w**2 - 4*w + 7. Calculate the remainder when r(o) is divided by q.
8
Suppose 12 = o - 3*q, -2*o + 2*q + 7 + 1 = 0. Let h = 55 - 50. Suppose z - 79 = -h*d, 0 = -o*d + d - 2*z - 18. What is the remainder when 30 is divided by d?
14
Let i be (-45)/2*(-1 - 1). Suppose 33 + i = 2*w. Calculate the remainder when w is divided by 0 + 10/20 + (-54)/(-4).
11
Let n(y) = 3*y**2 + 15*y + 3. Calculate the remainder when n(6) is divided by 52.
45
Suppose 2*r = -16 + 22. Let g(p) = -p + 7. Let f be g(r). Calculate the remainder when 8 is divided by ((-1)/3)/(f/(-36)).
2
Suppose -4*w + 5*w + 232 = 2*p, 2*p - 5*w - 232 = 0. Calculate the remainder when p is divided by 60.
56
What is the remainder when -53*72/(-6) - -1 is divided by 80?
77
What is the remainder when 1547 is divided by ((-5115)/(-220))/(-6*(-1)/16)?
59
Suppose 34 + 26 = 5*y. Suppose 5*o = y - 2. Calculate the remainder when 43 is divided by (o